divided by (12/28)/(21/294)*2?
10
Let f(s) = 5*s**3 - 12*s**2 + 15. Let z(b) = -2*b**3 - b**2. Let c(y) = f(y) + 3*z(y). Calculate the remainder when 164 is divided by c(-15).
14
Let d = 7424 + -6284. Calculate the remainder when d is divided by 112.
20
Let h = -3240 + 26168. Calculate the remainder when h is divided by 23.
20
Suppose -150 = -4*a + 2. Calculate the remainder when ((-4)/1 - 1)/(15/(-183)) is divided by a.
23
Let u(l) = -13*l + 46. Let t be u(-2). Let a = 68 + 54. Calculate the remainder when a is divided by ((-22)/(-4))/11*t/2.
14
Suppose -5*j = -0*j - 75. Suppose 0 = 11*v - j*v + 16. Suppose 0*w + w + u = 63, 0 = v*w + u - 243. Calculate the remainder when w is divided by 32.
28
Suppose -5*r + 15 + 20 = -5*k, -4*k = -8. Let p(j) = j**2 - 61. Let w be ((-5)/(50/32))/(42/(-105)). What is the remainder when r is divided by p(w)?
0
What is the remainder when ((-1122)/255)/(10/(-2725)) is divided by 294?
23
Calculate the remainder when (1617/(-84) - -20)/((-1)/4) + 224 is divided by 9.
5
Suppose 1076 = 4*o + 4*v, 2*v = -3*o + 61 + 749. Suppose 0 = 44*t - 40*t - o. What is the remainder when t is divided by 18?
14
Let j = 434 - 440. What is the remainder when (-2)/(-3) + 4002/18 is divided by 51 + j/(-12)*-12?
43
Let q(m) = -4*m**3 + 155*m**2 - 112*m - 28. What is the remainder when 924 is divided by q(38)?
12
Let v(d) = 2*d**2 - 18*d - 5. Let g be v(16). Let l = g - 211. Calculate the remainder when 46 is divided by l.
6
Let p(n) = -12*n + 57. Let k be p(-14). Let f = k + -124. Calculate the remainder when f is divided by 22.
13
Suppose 10*x + 12*x = 15*x + 63. Calculate the remainder when 0 + (-213)/(-9) - 1/(-3) is divided by x.
6
Calculate the remainder when 342/(-8)*(-2860)/429 is divided by 38.
19
Suppose 373*v = 377*v - 48. What is the remainder when 4963 is divided by v?
7
What is the remainder when ((-166)/(-20) + 4)/(551/(-290) + 2) is divided by (12/5)/((-3)/(-20))?
11
Let t be (-1 - 67/(-5)) + (-40)/100. Suppose -23*n + 330 = -t*n. Calculate the remainder when n is divided by 9.
3
Let o(y) = 7*y**2 + y + 1. Let k be o(-1). Let x be (1/3)/((-4)/(-24)). Suppose -k*w = x*w - 99. Calculate the remainder when w is divided by 5.
1
Let j be 6 + (-12)/(-5) + (-6)/15. Let d = j - 0. Let t(v) = -v**3 + 7*v**2 + 10*v + 3. What is the remainder when 111 is divided by t(d)?
16
Calculate the remainder when ((-395856)/372)/(-2) + (-6)/93 is divided by 8.
4
Let o = 1237 + 751. Calculate the remainder when o is divided by 48.
20
Let r = -84 - -166. What is the remainder when r is divided by 44?
38
Let l = 44454 - 44392. Suppose -2*f = -775 + 35. What is the remainder when f is divided by l?
60
Let o(x) = -x**2 + 20*x + 19. Let a be o(17). Let y(i) = -4 + a*i**2 - 6 - 68*i**2 + 5*i. What is the remainder when y(5) is divided by 11?
10
Let h(f) be the first derivative of -f**3/3 + 7*f**2/2 + 5*f + 14. Let m be h(7). Suppose -m*g - 3 = -43. Calculate the remainder when 31 is divided by g.
7
Suppose -1718 = -24*o + 7234. Let s = o + -356. What is the remainder when 234 is divided by s?
13
Let o = 9890 - 5598. Calculate the remainder when o is divided by 25.
17
Let m(n) = -n - 9. Let q be m(-3). Let y(k) = 2*k**3 + 14*k**2 + 3*k - 13. Let c be y(q). Suppose c + 15 = 8*h. Calculate the remainder when 39 is divided by h.
4
Let y = -6 - -28. Let n be 2/((-2)/209) - 6. Let j = 220 + n. Calculate the remainder when y is divided by j.
2
Let v(b) = -b**3 + 2*b**2 + 12*b + 5. Suppose -2*y - 2 = -6, -5*t + y = -273. Let n = t + -33. Calculate the remainder when n is divided by v(-3).
8
Let u = -9 + 32. Calculate the remainder when (0 - 0 - -3)*u is divided by 25/((-1875)/(-90))*20.
21
Let d be (4/8 - 0) + (-119)/(-2). Suppose -s + 3 - 10 = 0. Let x = s + d. What is the remainder when x is divided by 8?
5
Let h(b) = 16*b + 2. Let r(y) = -33*y - 5. Let p(m) = -9*h(m) - 4*r(m). Let n = 11971 + -11874. Calculate the remainder when n is divided by p(-4).
47
Let s = -3111 + 3115. Let n(c) = 16*c + 6. Let r(m) = -11*m - 4. Let j(z) = 5*n(z) + 7*r(z). What is the remainder when 41 is divided by j(s)?
13
Let c(f) = f + 116. Let h be c(-23). Let o = 107 - h. What is the remainder when o is divided by 12?
2
Let h(u) = u**3 - 53*u**2 + 242*u + 65. What is the remainder when h(48) is divided by 25?
11
Let u = -12459 + 12790. Calculate the remainder when 555 is divided by u.
224
Let x be 0*(-2)/(-12) - -245. What is the remainder when 135 is divided by x/(-5)*(-6 + 5)?
37
Suppose 830 = 23*h - 1861. What is the remainder when h is divided by (-19 - -3)/((-4)/6)?
21
Suppose t + 2*b - 15 = -5, 5*t = 4*b - 20. Suppose 4*a + t*a + 81 = 3*x, 135 = 5*x + 3*a. What is the remainder when 215 is divided by x?
26
Let o = 58550 + -58525. Suppose 14 - 4 = 5*n, 2*i + 4*n - 38 = 0. What is the remainder when o is divided by i?
10
Let t be (-4)/20 - 31/(-5). Suppose 0 = 2*f + 2*r, -4*r - t = f + 6. What is the remainder when 37 is divided by f?
1
Suppose 3*l = -5*i - 0*i + 1054, -5*l - 222 = -i. What is the remainder when i is divided by (6/5)/((-3)/20) - (-7446)/146?
40
Let w be (12/7)/(26/16562). Suppose -18*l = 34*l - w. Calculate the remainder when (3 + 1)*62/4 is divided by l.
20
Let y(z) = 3*z**2 - z - 3. Let f be y(2). Suppose -f*p - 30 = -p. Calculate the remainder when 16 is divided by 9/9 - (p - 0).
4
Let z = -72 + 106. Let s = -34 + z. Suppose -3*y + 109 - 1 = s. Calculate the remainder when y is divided by 13.
10
Let j = 379 + -205. What is the remainder when j is divided by (-1)/(-2)*-7*4896/(-1071) + 0?
14
Calculate the remainder when 3582 is divided by (1 + (9 - 1))/(112/20 + -5).
12
Suppose -96*i + 1644 = -93*i. Suppose -6*v - i = -782. What is the remainder when 233 is divided by v?
38
Let y(w) = 2*w**3 - 57*w**2 + 84*w + 24. What is the remainder when y(27) is divided by 8?
1
Let b(y) = -y**3 + 11*y**2 - 8*y - 1. Suppose -48 = -4*w - 4*t, -t = 5*w + t - 54. Calculate the remainder when 69 is divided by b(w).
12
What is the remainder when 3818 is divided by 9*7 + (-27 + 33)/2?
56
Suppose -5*a = -2*v + 419, -683 - 92 = -4*v - 11*a. Let z(x) = 30*x. Let u be z(-2). Let w = 89 + u. What is the remainder when v is divided by w?
28
Suppose 35 = a + 5*x, -x = 18*a - 14*a - 64. Calculate the remainder when 2039 is divided by a.
14
Calculate the remainder when 40*5*25/20 is divided by (-7 + 3 + 24/(-18))*-6.
26
Suppose 3*t + 5*r - 947 = 0, 2*t - 629 = 5*r - 6*r. Calculate the remainder when t is divided by 43.
13
Suppose 0 = -l - 64 - 11. Let w = -31 + l. Let k = -94 - w. What is the remainder when 22 is divided by k?
10
Let j(u) = 71*u + 1. Let o = 112508 - 112479. Calculate the remainder when j(2) is divided by o.
27
Suppose 4*i - 171 = 109. Suppose 3*t - 5*u - 824 = -832, 0 = 2*u - 14. Calculate the remainder when i is divided by t.
7
Calculate the remainder when (-167)/501*1530/(-2) is divided by 126.
3
Suppose 0 = 5*h - 4*w - 2139, 337*h + 439 = 338*h + 2*w. What is the remainder when h is divided by 243?
188
Let q = 334 - -17. What is the remainder when q is divided by 157?
37
Let k = 2093 - 2054. What is the remainder when 73 is divided by k?
34
Let a(z) = -11*z - 131. What is the remainder when (-2750)/(-15) - (-2)/(-6) is divided by a(-14)?
22
Let a = 8934 + -4038. What is the remainder when a is divided by 59?
58
Let z = -3566 - -4305. Calculate the remainder when z is divided by 31.
26
Let f(u) = -192*u + 26. What is the remainder when f(-1) is divided by 187?
31
Let p = -24 + 108. Suppose -8*t = 20*t - 168. Suppose p = 4*o + 3*h, h + t - 2 = 0. What is the remainder when 46 is divided by o?
22
Let g(r) = r**3 - 11*r**2 - 313*r + 59. What is the remainder when 136 is divided by g(24)?
31
Let t = 10965 + -10915. Calculate the remainder when 1129 is divided by t.
29
Let u(q) = -8*q**3 - 6*q**2 - 7*q + 33. Calculate the remainder when u(-4) is divided by 35.
22
Suppose 5*u = -0*u - 25. Let g(n) be the second derivative of 5*n**4/12 + n**3/3 - 21*n**2/2 - 2*n + 827. Calculate the remainder when g(u) is divided by 24.
22
Let g = -279 + 189. Suppose 3*d + 85 = -o, 0*d + 231 = -3*o - d. Let t = o - g. Calculate the remainder when t is divided by 8.
6
Suppose -67*d = -118967 - 64345. Calculate the remainder when d is divided by 250.
236
Let f(m) = m + 2. Let z = -